 greatest common factor of i and 44?
11
Let s = -49 - -83. Let n be (-3)/2 - s/(-4). Suppose 0 = -29*j + 45*j - 112. What is the highest common factor of j and n?
7
Let c = 21 + -31. Let m be 2/(-5) + (-124)/c. Let p(s) = -113*s - 3186. Let d be p(-30). What is the highest common divisor of d and m?
12
Let t = -208 - -223. Suppose 3*w = 12 + t. What is the highest common factor of w and 279?
9
Let l = 54 + 58. Let z = 39 - 7. What is the highest common divisor of z and l?
16
Let c be 1 + 0 + 0/2 + (-306)/(-102). Calculate the greatest common factor of c and 484.
4
Let o be 3 + (8/(-8) - (-6)/2). Suppose 2*w - o = -5*t + 2, -4*t - 4 = 0. What is the highest common factor of w and 282?
6
Let g(y) = 206*y + 6. Let z be g(5). Suppose 4*x = 4*a - 3004, -z + 4065 = 4*a + x. Let n be ((-2)/3)/((-8)/a). Calculate the greatest common factor of n and 7.
7
Let k be 12/(-9)*180/(-120). What is the greatest common divisor of k and 19?
1
Suppose -33*c + 40*c = 187*c - 160920. What is the highest common divisor of 18178 and c?
298
Let d = -92 - -98. Suppose 3*n + 60 = 2*t, t + 2*n = d + 24. Calculate the greatest common factor of t and 20.
10
Let r(y) = -514*y**3 + 6*y - 3. Let t be r(-2). Calculate the greatest common factor of 17 and t.
17
Suppose -34*o = 364*o - 295316. What is the highest common factor of 4770 and o?
106
Let y = -72 + 74. Suppose y*b = 2 + 42. Suppose 5*m - 62 = -b. Calculate the greatest common factor of m and 12.
4
Suppose -5*f + 2*z = -100, 5*f + 4*z - 130 = -0*z. Let l(r) = -r**3 + 24*r**2 - 41*r - 28. Let m be l(f). What is the highest common divisor of 114 and m?
38
Let a be 3/4 + (-8)/(192/(-1566)). What is the greatest common divisor of a and 374?
22
Let g be 0 + 369 + 23/(46/10). What is the greatest common factor of 22 and g?
22
Suppose -126 - 14 = -2*p. Let h = 294 + -577. Let x = h + 293. Calculate the highest common factor of p and x.
10
Let p = -36 + 21. Let f be (1*2/(-4))/((-23)/92). Let s be f + ((-112)/20)/(3/p). What is the highest common divisor of 90 and s?
30
Suppose -30*w + 35*w = -5. Let l = w + 16. Calculate the highest common divisor of 25 and l.
5
Let z be 28/(-14) - 509*-1. Let f = z + -497. Calculate the greatest common factor of 25 and f.
5
Suppose 22*d - 29*d = -147. Suppose 78 = 2*t + 3*s, 5*t - 19*s + d*s - 206 = 0. What is the greatest common factor of t and 63?
21
Let y(j) = -5*j**3 - 90*j**2 - 13*j + 106. Let r be y(-18). What is the greatest common divisor of r and 4250?
170
Let d be ((-16)/6)/(24/(-36)). Let y be 2 - (6 + -4) - (d - 308). What is the greatest common divisor of 16 and y?
16
Let j be ((-184)/16 - 5)*-278. Calculate the greatest common divisor of 231 and j.
33
Suppose -57*z + 59*z = -450. Let f = z - -240. Let u be 6/(-4)*-15*4. Calculate the greatest common factor of f and u.
15
Let n = -66 - -157. Suppose -n = -2*s + i, 26 = s + 4*i - 6. Let k = s - 40. What is the greatest common factor of 36 and k?
4
Let w be (-474)/10 - 2/(-5). Let t = w - -57. What is the greatest common factor of t and 50?
10
Let y(v) = 27*v + 245. Let b be y(-9). Let q(o) = 612*o + 89. Let t be q(b). Calculate the highest common divisor of 13 and t.
13
Suppose 7*a = -5*b + 2*a + 9945, a + 9963 = 5*b. Suppose -4*l = v - 1977, 2*l - b = -2*l - 4*v. What is the highest common divisor of 34 and l?
17
Suppose 2*y - 8*r = -5*r + 27, -4*y + 45 = 3*r. Suppose -20*s = -22*s + y. What is the highest common divisor of s and 10?
2
Suppose -6*c = -4*c - 6. Suppose 3*y - x = -44, -c*y = -2*y + 2*x + 3. Let d be (-12 + 0)/(y/78). What is the greatest common divisor of d and 8?
8
Suppose -204*v + 1630 = -4551 - 6059. Let a(i) = 77*i - 5. Let w be a(5). What is the highest common divisor of w and v?
20
Let z(k) = -k**2 + 6*k - 3. Let x be z(5). Suppose 18*y - 1812 = 438. Suppose -14*u - 13 = -y. Calculate the highest common factor of u and x.
2
Let m = 14887 - 14775. Calculate the greatest common factor of m and 1040.
16
Suppose 67*c = 70*c - 153. Calculate the greatest common factor of 2550 and c.
51
Let m = 40 + 59. Suppose 0 = g + c - 93, 3*c = -g + 4*c + m. Suppose x - 2 - 10 = 0. Calculate the greatest common divisor of g and x.
12
Let o be (-838)/(-20) + (-6)/4*95/(-1425). Suppose l + 3*r - 34 = 0, r = -3*l + 2*r + 82. What is the greatest common factor of o and l?
14
Suppose 14*w = 65*w - 1019 - 20605. Calculate the greatest common divisor of w and 392.
8
Let i be (6 - 12) + 9200/(-4 + 9). Calculate the highest common divisor of i and 28.
14
Let z(l) = -634*l + 4567. Let r be z(7). What is the highest common factor of 43 and r?
43
Let i be (-23)/(-115) + -2 + 1992/(-10). Let r = -189 - i. Calculate the highest common factor of r and 264.
12
Let y be (-2872)/(-20) - 12/(-30). Let n = 161 - y. Calculate the greatest common divisor of 51 and n.
17
Let f(m) = -544*m + 16. Let p be f(-1). Calculate the highest common factor of p and 640.
80
Let s = -5 + 8. Suppose s*l = -3*j + 30, 5*j = l + j + 10. Let w = 269714 + -269705. What is the greatest common factor of w and l?
3
Suppose 0 = 14*l - 9*l + 3*j - 922, 0 = 4*l + 2*j - 738. Calculate the highest common factor of 405 and l.
5
Let t(w) be the first derivative of -w**3/3 - 6*w**2 - 12*w + 2. Let n be t(-9). Let g be -2*5/(-20)*4 - -103. Calculate the highest common factor of g and n.
15
Let d(i) = 9*i**2 - 33*i + 21. Let j be d(9). Let t = j - 232. Calculate the greatest common factor of 13 and t.
13
Let h(z) = 99*z**3 + z**2 + 3*z - 4. Let x = 14 - 13. Let s be h(x). What is the highest common divisor of 18 and s?
9
Let b(s) = s**2 + 20*s + 105. Let c be b(-5). What is the highest common divisor of c and 58?
2
Let k be (-10563)/(-1006) - 1238/(-4). Let z be ((-20)/(-3))/((-2)/(-18)). What is the highest common factor of k and z?
20
Let g = -6 + 9. Suppose -276 = -5*m + g*s - 81, -39 = -m + 3*s. Suppose -35*x - 20 = -m*x. What is the highest common divisor of 5 and x?
5
Let r be 5 - (28/(-70) - (-18)/(-5)). Let p(c) = -c**3 + 9*c**2 + 5*c - 17. Let q be p(r). Calculate the highest common divisor of 196 and q.
28
Let r(l) = 29*l**2 + 67*l - 135. Let f be r(2). Calculate the highest common divisor of 92 and f.
23
Let p = 43 + -184. Let x = 217 + p. Let f be 2/4*-95*10/(-25). Calculate the highest common factor of f and x.
19
Let i(g) be the first derivative of -g**2 + 172*g + 89. Let s be i(-7). Calculate the highest common divisor of s and 12.
6
Let m be 252/18*37/2. What is the greatest common divisor of m and 185?
37
Let x(j) = 3*j + 31*j**2 + 147 + 20*j - 30*j**2. Let w be x(-9). What is the highest common factor of w and 42?
21
Let t(s) = 25*s - 590. Let q be t(58). What is the greatest common factor of 602 and q?
86
Let l = -242 + 249. Let i(d) = 16*d**2 + 65*d + 31. Let y be i(-6). What is the highest common divisor of l and y?
7
Suppose -2188*u + 2*a = -2185*u - 2648, -4*u - 5*a + 3500 = 0. What is the greatest common divisor of 2816 and u?
176
Let o(v) = -1577*v - 164. Let d be o(-1). What is the highest common factor of 3 and d?
3
Suppose 55*q - 1524 = -204. What is the greatest common factor of q and 183?
3
Let z(l) = -72*l**3 - 2*l**2 + 2*l + 3. Let g be z(-1). Let i = g + 17. Let x be i*(-3)/(-15) + (-3)/5. Calculate the greatest common factor of 17 and x.
17
Suppose 0 = -6*a + 11*a - 25. Suppose 2*x = 3*c + c + 384, -a*x + 4*c + 984 = 0. Calculate the greatest common factor of x and 10.
10
Suppose 27244 + 18938 = 30*l + 16092. Calculate the highest common divisor of l and 85.
17
Suppose -5*w + 55 = -50. Suppose -7*b + 49 = -w. Calculate the highest common divisor of b and 15.
5
Suppose 20816*i + 4080 = 20850*i. Calculate the greatest common divisor of i and 120.
120
Suppose 5*v - 232 = -207, -j + 2*v + 1295 = 0. Calculate the highest common factor of 30 and j.
15
Let y(z) = 15*z**2 - 2*z. Let c be y(-2). Let b(a) = a**2 - 879*a + 256. Let l be b(0). Calculate the highest common factor of l and c.
64
Suppose 4*b - 5*h - 54 = 29, b - 21 = h. Suppose 0 = -b*u + 10*u + 144. What is the greatest common divisor of 312 and u?
12
Let g(w) = -7*w**2 - 148*w + 29. Let r be g(-20). Let o = -25 + 52. Calculate the highest common divisor of r and o.
27
Suppose -1503 = 17*m - 26*m + 9567. What is the greatest common factor of 210 and m?
30
Suppose 6 = 3*l, 0 = -5*k - 4*l +